{"id":526,"date":"2021-04-22T22:04:54","date_gmt":"2021-04-22T20:04:54","guid":{"rendered":"https:\/\/hedvigagutierrez.sk\/?page_id=526"},"modified":"2024-05-13T18:23:20","modified_gmt":"2024-05-13T16:23:20","slug":"jezibaby","status":"publish","type":"page","link":"https:\/\/hedvigagutierrez.sk\/?page_id=526","title":{"rendered":"Hojdali sa je\u017eibaby"},"content":{"rendered":"\t\t<div data-elementor-type=\"wp-page\" data-elementor-id=\"526\" class=\"elementor elementor-526\">\n\t\t\t\t\t\t<section class=\"elementor-section elementor-top-section elementor-element elementor-element-70c373f elementor-section-boxed elementor-section-height-default elementor-section-height-default\" data-id=\"70c373f\" data-element_type=\"section\" data-e-type=\"section\">\n\t\t\t\t\t\t<div class=\"elementor-container elementor-column-gap-default\">\n\t\t\t\t\t<div class=\"elementor-column elementor-col-100 elementor-top-column elementor-element elementor-element-840f388\" data-id=\"840f388\" data-element_type=\"column\" data-e-type=\"column\">\n\t\t\t<div class=\"elementor-widget-wrap elementor-element-populated\">\n\t\t\t\t\t\t<div class=\"elementor-element elementor-element-3569698 elementor-widget elementor-widget-heading\" data-id=\"3569698\" data-element_type=\"widget\" data-e-type=\"widget\" data-widget_type=\"heading.default\">\n\t\t\t\t<div class=\"elementor-widget-container\">\n\t\t\t\t\t<h2 class=\"elementor-heading-title elementor-size-default\">Hojdali sa je\u017eibaby<\/h2>\t\t\t\t<\/div>\n\t\t\t\t<\/div>\n\t\t\t\t\t<\/div>\n\t\t<\/div>\n\t\t\t\t\t<\/div>\n\t\t<\/section>\n\t\t\t\t<section class=\"elementor-section elementor-top-section elementor-element elementor-element-86f2aeb elementor-section-boxed elementor-section-height-default elementor-section-height-default\" data-id=\"86f2aeb\" data-element_type=\"section\" data-e-type=\"section\">\n\t\t\t\t\t\t<div class=\"elementor-container elementor-column-gap-default\">\n\t\t\t\t\t<div class=\"elementor-column elementor-col-100 elementor-top-column elementor-element elementor-element-4f083ff\" data-id=\"4f083ff\" data-element_type=\"column\" data-e-type=\"column\">\n\t\t\t<div class=\"elementor-widget-wrap elementor-element-populated\">\n\t\t\t\t\t\t<div class=\"elementor-element elementor-element-7f47e16 elementor-widget__width-initial elementor-widget elementor-widget-text-editor\" data-id=\"7f47e16\" data-element_type=\"widget\" data-e-type=\"widget\" data-widget_type=\"text-editor.default\">\n\t\t\t\t<div class=\"elementor-widget-container\">\n\t\t\t\t\t\t\t\t\t<p><span style=\"color: #000000;\"><strong>Text:<\/strong> Jozef Morav\u010d\u00edk Jakubovec<\/span><\/p><p><span style=\"color: #000000;\"><strong>Publisher:<\/strong> Albatros Media, 2021<\/span><\/p><p><span style=\"color: #000000;\"><strong>Award:<\/strong> &#8222;Najkraj\u0161ie detsk\u00e1 kniha jari 2021&#8220;<\/span><\/p>\t\t\t\t\t\t\t\t<\/div>\n\t\t\t\t<\/div>\n\t\t\t\t\t<\/div>\n\t\t<\/div>\n\t\t\t\t\t<\/div>\n\t\t<\/section>\n\t\t\t\t<section class=\"elementor-section elementor-top-section elementor-element elementor-element-302be90 elementor-section-boxed elementor-section-height-default elementor-section-height-default\" data-id=\"302be90\" data-element_type=\"section\" data-e-type=\"section\">\n\t\t\t\t\t\t<div class=\"elementor-container elementor-column-gap-default\">\n\t\t\t\t\t<div class=\"elementor-column elementor-col-100 elementor-top-column elementor-element elementor-element-a16331f\" data-id=\"a16331f\" data-element_type=\"column\" data-e-type=\"column\">\n\t\t\t<div class=\"elementor-widget-wrap elementor-element-populated\">\n\t\t\t\t\t\t<div class=\"elementor-element elementor-element-cb0974b elementor-invisible elementor-widget elementor-widget-image\" data-id=\"cb0974b\" data-element_type=\"widget\" data-e-type=\"widget\" data-settings=\"{&quot;_animation&quot;:&quot;fadeIn&quot;}\" data-widget_type=\"image.default\">\n\t\t\t\t<div class=\"elementor-widget-container\">\n\t\t\t\t\t\t\t\t\t\t\t\t\t\t\t<img fetchpriority=\"high\" decoding=\"async\" width=\"2560\" height=\"1785\" src=\"https:\/\/hedvigagutierrez.sk\/wp-content\/uploads\/2022\/09\/1-scaled.jpg\" class=\"attachment-full size-full wp-image-2446\" alt=\"Hojdali sa je\u017eibaby\" srcset=\"https:\/\/hedvigagutierrez.sk\/wp-content\/uploads\/2022\/09\/1-scaled.jpg 2560w, https:\/\/hedvigagutierrez.sk\/wp-content\/uploads\/2022\/09\/1-300x209.jpg 300w, https:\/\/hedvigagutierrez.sk\/wp-content\/uploads\/2022\/09\/1-1024x714.jpg 1024w, https:\/\/hedvigagutierrez.sk\/wp-content\/uploads\/2022\/09\/1-768x535.jpg 768w, https:\/\/hedvigagutierrez.sk\/wp-content\/uploads\/2022\/09\/1-1536x1071.jpg 1536w, https:\/\/hedvigagutierrez.sk\/wp-content\/uploads\/2022\/09\/1-2048x1428.jpg 2048w, https:\/\/hedvigagutierrez.sk\/wp-content\/uploads\/2022\/09\/1-18x12.jpg 18w\" sizes=\"(max-width: 2560px) 100vw, 2560px\" title=\"Hojdali sa je\u017eibaby\" \/>\t\t\t\t\t\t\t\t\t\t\t\t\t\t\t<\/div>\n\t\t\t\t<\/div>\n\t\t\t\t\t<\/div>\n\t\t<\/div>\n\t\t\t\t\t<\/div>\n\t\t<\/section>\n\t\t\t\t<section class=\"elementor-section elementor-top-section elementor-element elementor-element-7714aa4 elementor-section-boxed elementor-section-height-default elementor-section-height-default elementor-invisible\" data-id=\"7714aa4\" data-element_type=\"section\" data-e-type=\"section\" data-settings=\"{&quot;animation&quot;:&quot;fadeIn&quot;}\">\n\t\t\t\t\t\t<div class=\"elementor-container elementor-column-gap-default\">\n\t\t\t\t\t<div class=\"elementor-column elementor-col-100 elementor-top-column elementor-element elementor-element-49731d6\" data-id=\"49731d6\" data-element_type=\"column\" data-e-type=\"column\">\n\t\t\t<div class=\"elementor-widget-wrap elementor-element-populated\">\n\t\t\t\t\t\t<div class=\"elementor-element elementor-element-dfa101c gallery-spacing-custom elementor-widget elementor-widget-image-gallery\" data-id=\"dfa101c\" data-element_type=\"widget\" data-e-type=\"widget\" data-widget_type=\"image-gallery.default\">\n\t\t\t\t<div class=\"elementor-widget-container\">\n\t\t\t\t\t\t\t<div class=\"elementor-image-gallery\">\n\t\t\t<div id='gallery-11' class='gallery galleryid-526 gallery-columns-2 gallery-size-full'><figure class='gallery-item'>\n\t\t\t<div class='gallery-icon landscape'>\n\t\t\t\t<a  href='https:\/\/hedvigagutierrez.sk\/wp-content\/uploads\/2022\/09\/13-scaled.jpg'><img decoding=\"async\" width=\"2560\" height=\"1785\" src=\"https:\/\/hedvigagutierrez.sk\/wp-content\/uploads\/2022\/09\/13-scaled.jpg\" class=\"attachment-full size-full\" alt=\"Hojdali sa je\u017eibaby\" srcset=\"https:\/\/hedvigagutierrez.sk\/wp-content\/uploads\/2022\/09\/13-scaled.jpg 2560w, https:\/\/hedvigagutierrez.sk\/wp-content\/uploads\/2022\/09\/13-300x209.jpg 300w, https:\/\/hedvigagutierrez.sk\/wp-content\/uploads\/2022\/09\/13-1024x714.jpg 1024w, https:\/\/hedvigagutierrez.sk\/wp-content\/uploads\/2022\/09\/13-768x535.jpg 768w, https:\/\/hedvigagutierrez.sk\/wp-content\/uploads\/2022\/09\/13-1536x1071.jpg 1536w, https:\/\/hedvigagutierrez.sk\/wp-content\/uploads\/2022\/09\/13-2048x1428.jpg 2048w, https:\/\/hedvigagutierrez.sk\/wp-content\/uploads\/2022\/09\/13-18x12.jpg 18w\" sizes=\"(max-width: 2560px) 100vw, 2560px\" title=\"Hojdali sa je\u017eibaby\" \/><\/a>\n\t\t\t<\/div><\/figure><figure class='gallery-item'>\n\t\t\t<div class='gallery-icon landscape'>\n\t\t\t\t<a  href='https:\/\/hedvigagutierrez.sk\/wp-content\/uploads\/2022\/09\/10-scaled.jpg'><img decoding=\"async\" width=\"2560\" height=\"1785\" src=\"https:\/\/hedvigagutierrez.sk\/wp-content\/uploads\/2022\/09\/10-scaled.jpg\" class=\"attachment-full size-full\" alt=\"Hojdali sa je\u017eibaby\" srcset=\"https:\/\/hedvigagutierrez.sk\/wp-content\/uploads\/2022\/09\/10-scaled.jpg 2560w, https:\/\/hedvigagutierrez.sk\/wp-content\/uploads\/2022\/09\/10-300x209.jpg 300w, https:\/\/hedvigagutierrez.sk\/wp-content\/uploads\/2022\/09\/10-1024x714.jpg 1024w, https:\/\/hedvigagutierrez.sk\/wp-content\/uploads\/2022\/09\/10-768x535.jpg 768w, https:\/\/hedvigagutierrez.sk\/wp-content\/uploads\/2022\/09\/10-1536x1071.jpg 1536w, https:\/\/hedvigagutierrez.sk\/wp-content\/uploads\/2022\/09\/10-2048x1428.jpg 2048w, https:\/\/hedvigagutierrez.sk\/wp-content\/uploads\/2022\/09\/10-18x12.jpg 18w\" sizes=\"(max-width: 2560px) 100vw, 2560px\" title=\"Hojdali sa je\u017eibaby\" \/><\/a>\n\t\t\t<\/div><\/figure><figure class='gallery-item'>\n\t\t\t<div class='gallery-icon landscape'>\n\t\t\t\t<a  href='https:\/\/hedvigagutierrez.sk\/wp-content\/uploads\/2022\/09\/9-scaled.jpg'><img loading=\"lazy\" decoding=\"async\" width=\"2560\" height=\"1785\" src=\"https:\/\/hedvigagutierrez.sk\/wp-content\/uploads\/2022\/09\/9-scaled.jpg\" class=\"attachment-full size-full\" alt=\"Hojdali sa je\u017eibaby\" srcset=\"https:\/\/hedvigagutierrez.sk\/wp-content\/uploads\/2022\/09\/9-scaled.jpg 2560w, https:\/\/hedvigagutierrez.sk\/wp-content\/uploads\/2022\/09\/9-300x209.jpg 300w, https:\/\/hedvigagutierrez.sk\/wp-content\/uploads\/2022\/09\/9-1024x714.jpg 1024w, https:\/\/hedvigagutierrez.sk\/wp-content\/uploads\/2022\/09\/9-768x535.jpg 768w, https:\/\/hedvigagutierrez.sk\/wp-content\/uploads\/2022\/09\/9-1536x1071.jpg 1536w, https:\/\/hedvigagutierrez.sk\/wp-content\/uploads\/2022\/09\/9-2048x1428.jpg 2048w, https:\/\/hedvigagutierrez.sk\/wp-content\/uploads\/2022\/09\/9-18x12.jpg 18w\" sizes=\"(max-width: 2560px) 100vw, 2560px\" title=\"Hojdali sa je\u017eibaby\" \/><\/a>\n\t\t\t<\/div><\/figure><figure class='gallery-item'>\n\t\t\t<div class='gallery-icon landscape'>\n\t\t\t\t<a  href='https:\/\/hedvigagutierrez.sk\/wp-content\/uploads\/2022\/09\/11-scaled.jpg'><img loading=\"lazy\" decoding=\"async\" width=\"2560\" height=\"1785\" src=\"https:\/\/hedvigagutierrez.sk\/wp-content\/uploads\/2022\/09\/11-scaled.jpg\" class=\"attachment-full size-full\" alt=\"Hojdali sa je\u017eibaby\" srcset=\"https:\/\/hedvigagutierrez.sk\/wp-content\/uploads\/2022\/09\/11-scaled.jpg 2560w, https:\/\/hedvigagutierrez.sk\/wp-content\/uploads\/2022\/09\/11-300x209.jpg 300w, https:\/\/hedvigagutierrez.sk\/wp-content\/uploads\/2022\/09\/11-1024x714.jpg 1024w, https:\/\/hedvigagutierrez.sk\/wp-content\/uploads\/2022\/09\/11-768x535.jpg 768w, https:\/\/hedvigagutierrez.sk\/wp-content\/uploads\/2022\/09\/11-1536x1071.jpg 1536w, https:\/\/hedvigagutierrez.sk\/wp-content\/uploads\/2022\/09\/11-2048x1428.jpg 2048w, https:\/\/hedvigagutierrez.sk\/wp-content\/uploads\/2022\/09\/11-18x12.jpg 18w\" sizes=\"(max-width: 2560px) 100vw, 2560px\" title=\"Hojdali sa je\u017eibaby\" \/><\/a>\n\t\t\t<\/div><\/figure><figure class='gallery-item'>\n\t\t\t<div class='gallery-icon landscape'>\n\t\t\t\t<a  href='https:\/\/hedvigagutierrez.sk\/wp-content\/uploads\/2022\/09\/5-scaled.jpg'><img loading=\"lazy\" decoding=\"async\" width=\"2560\" height=\"1785\" src=\"https:\/\/hedvigagutierrez.sk\/wp-content\/uploads\/2022\/09\/5-scaled.jpg\" class=\"attachment-full size-full\" alt=\"Hojdali sa je\u017eibaby\" srcset=\"https:\/\/hedvigagutierrez.sk\/wp-content\/uploads\/2022\/09\/5-scaled.jpg 2560w, https:\/\/hedvigagutierrez.sk\/wp-content\/uploads\/2022\/09\/5-300x209.jpg 300w, https:\/\/hedvigagutierrez.sk\/wp-content\/uploads\/2022\/09\/5-1024x714.jpg 1024w, https:\/\/hedvigagutierrez.sk\/wp-content\/uploads\/2022\/09\/5-768x535.jpg 768w, https:\/\/hedvigagutierrez.sk\/wp-content\/uploads\/2022\/09\/5-1536x1071.jpg 1536w, https:\/\/hedvigagutierrez.sk\/wp-content\/uploads\/2022\/09\/5-2048x1428.jpg 2048w, https:\/\/hedvigagutierrez.sk\/wp-content\/uploads\/2022\/09\/5-18x12.jpg 18w\" sizes=\"(max-width: 2560px) 100vw, 2560px\" title=\"Hojdali sa je\u017eibaby\" \/><\/a>\n\t\t\t<\/div><\/figure><figure class='gallery-item'>\n\t\t\t<div class='gallery-icon landscape'>\n\t\t\t\t<a  href='https:\/\/hedvigagutierrez.sk\/wp-content\/uploads\/2022\/09\/12-scaled.jpg'><img loading=\"lazy\" decoding=\"async\" width=\"2560\" height=\"1785\" src=\"https:\/\/hedvigagutierrez.sk\/wp-content\/uploads\/2022\/09\/12-scaled.jpg\" class=\"attachment-full size-full\" alt=\"Hojdali sa je\u017eibaby\" srcset=\"https:\/\/hedvigagutierrez.sk\/wp-content\/uploads\/2022\/09\/12-scaled.jpg 2560w, https:\/\/hedvigagutierrez.sk\/wp-content\/uploads\/2022\/09\/12-300x209.jpg 300w, https:\/\/hedvigagutierrez.sk\/wp-content\/uploads\/2022\/09\/12-1024x714.jpg 1024w, https:\/\/hedvigagutierrez.sk\/wp-content\/uploads\/2022\/09\/12-768x535.jpg 768w, https:\/\/hedvigagutierrez.sk\/wp-content\/uploads\/2022\/09\/12-1536x1071.jpg 1536w, https:\/\/hedvigagutierrez.sk\/wp-content\/uploads\/2022\/09\/12-2048x1428.jpg 2048w, https:\/\/hedvigagutierrez.sk\/wp-content\/uploads\/2022\/09\/12-18x12.jpg 18w\" sizes=\"(max-width: 2560px) 100vw, 2560px\" title=\"Hojdali sa je\u017eibaby\" \/><\/a>\n\t\t\t<\/div><\/figure><figure class='gallery-item'>\n\t\t\t<div class='gallery-icon landscape'>\n\t\t\t\t<a  href='https:\/\/hedvigagutierrez.sk\/wp-content\/uploads\/2022\/09\/6-scaled.jpg'><img loading=\"lazy\" decoding=\"async\" width=\"2560\" height=\"1785\" src=\"https:\/\/hedvigagutierrez.sk\/wp-content\/uploads\/2022\/09\/6-scaled.jpg\" class=\"attachment-full size-full\" alt=\"Hojdali sa je\u017eibaby\" srcset=\"https:\/\/hedvigagutierrez.sk\/wp-content\/uploads\/2022\/09\/6-scaled.jpg 2560w, https:\/\/hedvigagutierrez.sk\/wp-content\/uploads\/2022\/09\/6-300x209.jpg 300w, https:\/\/hedvigagutierrez.sk\/wp-content\/uploads\/2022\/09\/6-1024x714.jpg 1024w, https:\/\/hedvigagutierrez.sk\/wp-content\/uploads\/2022\/09\/6-768x535.jpg 768w, https:\/\/hedvigagutierrez.sk\/wp-content\/uploads\/2022\/09\/6-1536x1071.jpg 1536w, https:\/\/hedvigagutierrez.sk\/wp-content\/uploads\/2022\/09\/6-2048x1428.jpg 2048w, https:\/\/hedvigagutierrez.sk\/wp-content\/uploads\/2022\/09\/6-18x12.jpg 18w\" sizes=\"(max-width: 2560px) 100vw, 2560px\" title=\"Hojdali sa je\u017eibaby\" \/><\/a>\n\t\t\t<\/div><\/figure><figure class='gallery-item'>\n\t\t\t<div class='gallery-icon landscape'>\n\t\t\t\t<a  href='https:\/\/hedvigagutierrez.sk\/wp-content\/uploads\/2022\/09\/15-scaled.jpg'><img loading=\"lazy\" decoding=\"async\" width=\"2560\" height=\"1785\" src=\"https:\/\/hedvigagutierrez.sk\/wp-content\/uploads\/2022\/09\/15-scaled.jpg\" class=\"attachment-full size-full\" alt=\"Hojdali sa je\u017eibaby\" srcset=\"https:\/\/hedvigagutierrez.sk\/wp-content\/uploads\/2022\/09\/15-scaled.jpg 2560w, https:\/\/hedvigagutierrez.sk\/wp-content\/uploads\/2022\/09\/15-300x209.jpg 300w, https:\/\/hedvigagutierrez.sk\/wp-content\/uploads\/2022\/09\/15-1024x714.jpg 1024w, https:\/\/hedvigagutierrez.sk\/wp-content\/uploads\/2022\/09\/15-768x535.jpg 768w, https:\/\/hedvigagutierrez.sk\/wp-content\/uploads\/2022\/09\/15-1536x1071.jpg 1536w, https:\/\/hedvigagutierrez.sk\/wp-content\/uploads\/2022\/09\/15-2048x1428.jpg 2048w, https:\/\/hedvigagutierrez.sk\/wp-content\/uploads\/2022\/09\/15-18x12.jpg 18w\" sizes=\"(max-width: 2560px) 100vw, 2560px\" title=\"Hojdali sa je\u017eibaby\" \/><\/a>\n\t\t\t<\/div><\/figure><figure class='gallery-item'>\n\t\t\t<div class='gallery-icon landscape'>\n\t\t\t\t<a  href='https:\/\/hedvigagutierrez.sk\/wp-content\/uploads\/2022\/09\/14-scaled.jpg'><img loading=\"lazy\" decoding=\"async\" width=\"2560\" height=\"1785\" src=\"https:\/\/hedvigagutierrez.sk\/wp-content\/uploads\/2022\/09\/14-scaled.jpg\" class=\"attachment-full size-full\" alt=\"Hojdali sa je\u017eibaby\" srcset=\"https:\/\/hedvigagutierrez.sk\/wp-content\/uploads\/2022\/09\/14-scaled.jpg 2560w, https:\/\/hedvigagutierrez.sk\/wp-content\/uploads\/2022\/09\/14-300x209.jpg 300w, https:\/\/hedvigagutierrez.sk\/wp-content\/uploads\/2022\/09\/14-1024x714.jpg 1024w, https:\/\/hedvigagutierrez.sk\/wp-content\/uploads\/2022\/09\/14-768x535.jpg 768w, https:\/\/hedvigagutierrez.sk\/wp-content\/uploads\/2022\/09\/14-1536x1071.jpg 1536w, https:\/\/hedvigagutierrez.sk\/wp-content\/uploads\/2022\/09\/14-2048x1428.jpg 2048w, https:\/\/hedvigagutierrez.sk\/wp-content\/uploads\/2022\/09\/14-18x12.jpg 18w\" sizes=\"(max-width: 2560px) 100vw, 2560px\" title=\"Hojdali sa je\u017eibaby\" \/><\/a>\n\t\t\t<\/div><\/figure><figure class='gallery-item'>\n\t\t\t<div class='gallery-icon landscape'>\n\t\t\t\t<a  href='https:\/\/hedvigagutierrez.sk\/wp-content\/uploads\/2022\/09\/3-scaled.jpg'><img loading=\"lazy\" decoding=\"async\" width=\"2560\" height=\"1785\" src=\"https:\/\/hedvigagutierrez.sk\/wp-content\/uploads\/2022\/09\/3-scaled.jpg\" class=\"attachment-full size-full\" alt=\"Hojdali sa je\u017eibaby\" srcset=\"https:\/\/hedvigagutierrez.sk\/wp-content\/uploads\/2022\/09\/3-scaled.jpg 2560w, https:\/\/hedvigagutierrez.sk\/wp-content\/uploads\/2022\/09\/3-300x209.jpg 300w, https:\/\/hedvigagutierrez.sk\/wp-content\/uploads\/2022\/09\/3-1024x714.jpg 1024w, https:\/\/hedvigagutierrez.sk\/wp-content\/uploads\/2022\/09\/3-768x535.jpg 768w, https:\/\/hedvigagutierrez.sk\/wp-content\/uploads\/2022\/09\/3-1536x1071.jpg 1536w, https:\/\/hedvigagutierrez.sk\/wp-content\/uploads\/2022\/09\/3-2048x1428.jpg 2048w, https:\/\/hedvigagutierrez.sk\/wp-content\/uploads\/2022\/09\/3-18x12.jpg 18w\" sizes=\"(max-width: 2560px) 100vw, 2560px\" title=\"Hojdali sa je\u017eibaby\" \/><\/a>\n\t\t\t<\/div><\/figure>\n\t\t<\/div>\n\t\t<\/div>\n\t\t\t\t\t\t<\/div>\n\t\t\t\t<\/div>\n\t\t\t\t\t<\/div>\n\t\t<\/div>\n\t\t\t\t\t<\/div>\n\t\t<\/section>\n\t\t\t\t<\/div>\n\t\t","protected":false},"excerpt":{"rendered":"<p>Hojdali sa je\u017eibaby Text: Jozef Morav\u010d\u00edk Jakubovec Publisher: Albatros Media, 2021 Award: &#8222;Najkraj\u0161ie detsk\u00e1 kniha jari 2021&#8220;<\/p>\n","protected":false},"author":1,"featured_media":0,"parent":0,"menu_order":0,"comment_status":"closed","ping_status":"closed","template":"","meta":{"site-sidebar-layout":"no-sidebar","site-content-layout":"page-builder","ast-site-content-layout":"default","site-content-style":"default","site-sidebar-style":"default","ast-global-header-display":"","ast-banner-title-visibility":"","ast-main-header-display":"","ast-hfb-above-header-display":"","ast-hfb-below-header-display":"","ast-hfb-mobile-header-display":"","site-post-title":"disabled","ast-breadcrumbs-content":"","ast-featured-img":"disabled","footer-sml-layout":"","theme-transparent-header-meta":"default","adv-header-id-meta":"","stick-header-meta":"","header-above-stick-meta":"","header-main-stick-meta":"","header-below-stick-meta":"","astra-migrate-meta-layouts":"default","ast-page-background-enabled":"default","ast-page-background-meta":{"desktop":{"background-color":"","background-image":"","background-repeat":"repeat","background-position":"center center","background-size":"auto","background-attachment":"scroll","background-type":"","background-media":"","overlay-type":"","overlay-color":"","overlay-opacity":"","overlay-gradient":""},"tablet":{"background-color":"","background-image":"","background-repeat":"repeat","background-position":"center center","background-size":"auto","background-attachment":"scroll","background-type":"","background-media":"","overlay-type":"","overlay-color":"","overlay-opacity":"","overlay-gradient":""},"mobile":{"background-color":"","background-image":"","background-repeat":"repeat","background-position":"center center","background-size":"auto","background-attachment":"scroll","background-type":"","background-media":"","overlay-type":"","overlay-color":"","overlay-opacity":"","overlay-gradient":""}},"ast-content-background-meta":{"desktop":{"background-color":"var(--ast-global-color-5)","background-image":"","background-repeat":"repeat","background-position":"center center","background-size":"auto","background-attachment":"scroll","background-type":"","background-media":"","overlay-type":"","overlay-color":"","overlay-opacity":"","overlay-gradient":""},"tablet":{"background-color":"var(--ast-global-color-5)","background-image":"","background-repeat":"repeat","background-position":"center center","background-size":"auto","background-attachment":"scroll","background-type":"","background-media":"","overlay-type":"","overlay-color":"","overlay-opacity":"","overlay-gradient":""},"mobile":{"background-color":"var(--ast-global-color-5)","background-image":"","background-repeat":"repeat","background-position":"center center","background-size":"auto","background-attachment":"scroll","background-type":"","background-media":"","overlay-type":"","overlay-color":"","overlay-opacity":"","overlay-gradient":""}},"footnotes":""},"class_list":["post-526","page","type-page","status-publish","hentry"],"aioseo_notices":[],"_links":{"self":[{"href":"https:\/\/hedvigagutierrez.sk\/index.php?rest_route=\/wp\/v2\/pages\/526","targetHints":{"allow":["GET"]}}],"collection":[{"href":"https:\/\/hedvigagutierrez.sk\/index.php?rest_route=\/wp\/v2\/pages"}],"about":[{"href":"https:\/\/hedvigagutierrez.sk\/index.php?rest_route=\/wp\/v2\/types\/page"}],"author":[{"embeddable":true,"href":"https:\/\/hedvigagutierrez.sk\/index.php?rest_route=\/wp\/v2\/users\/1"}],"replies":[{"embeddable":true,"href":"https:\/\/hedvigagutierrez.sk\/index.php?rest_route=%2Fwp%2Fv2%2Fcomments&post=526"}],"version-history":[{"count":6,"href":"https:\/\/hedvigagutierrez.sk\/index.php?rest_route=\/wp\/v2\/pages\/526\/revisions"}],"predecessor-version":[{"id":3245,"href":"https:\/\/hedvigagutierrez.sk\/index.php?rest_route=\/wp\/v2\/pages\/526\/revisions\/3245"}],"wp:attachment":[{"href":"https:\/\/hedvigagutierrez.sk\/index.php?rest_route=%2Fwp%2Fv2%2Fmedia&parent=526"}],"curies":[{"name":"wp","href":"https:\/\/api.w.org\/{rel}","templated":true}]}}