{"id":2993,"date":"2024-05-07T19:34:29","date_gmt":"2024-05-07T17:34:29","guid":{"rendered":"https:\/\/hedvigagutierrez.sk\/?page_id=2993"},"modified":"2026-03-29T18:28:14","modified_gmt":"2026-03-29T16:28:14","slug":"about-me","status":"publish","type":"page","link":"https:\/\/hedvigagutierrez.sk\/?page_id=2993","title":{"rendered":"ABOUT ME"},"content":{"rendered":"\t\t<div data-elementor-type=\"wp-page\" data-elementor-id=\"2993\" class=\"elementor elementor-2993\">\n\t\t\t\t\t\t<section class=\"elementor-section elementor-top-section elementor-element elementor-element-ed2cad0 elementor-section-boxed elementor-section-height-default elementor-section-height-default\" data-id=\"ed2cad0\" data-element_type=\"section\" data-e-type=\"section\">\n\t\t\t\t\t\t<div class=\"elementor-container elementor-column-gap-default\">\n\t\t\t\t\t<div class=\"elementor-column elementor-col-50 elementor-top-column elementor-element elementor-element-d396ad0\" data-id=\"d396ad0\" data-element_type=\"column\" data-e-type=\"column\">\n\t\t\t<div class=\"elementor-widget-wrap elementor-element-populated\">\n\t\t\t\t\t\t<div class=\"elementor-element elementor-element-47d36e3 elementor-widget__width-initial elementor-widget elementor-widget-image\" data-id=\"47d36e3\" data-element_type=\"widget\" data-e-type=\"widget\" data-widget_type=\"image.default\">\n\t\t\t\t<div class=\"elementor-widget-container\">\n\t\t\t\t\t\t\t\t\t\t\t\t\t\t\t<img fetchpriority=\"high\" decoding=\"async\" width=\"2480\" height=\"2480\" src=\"https:\/\/hedvigagutierrez.sk\/wp-content\/uploads\/2026\/03\/Hedviga-M.Gutierrez.jpg\" class=\"attachment-full size-full wp-image-3808\" alt=\"ABOUT ME\" srcset=\"https:\/\/hedvigagutierrez.sk\/wp-content\/uploads\/2026\/03\/Hedviga-M.Gutierrez.jpg 2480w, https:\/\/hedvigagutierrez.sk\/wp-content\/uploads\/2026\/03\/Hedviga-M.Gutierrez-300x300.jpg 300w, https:\/\/hedvigagutierrez.sk\/wp-content\/uploads\/2026\/03\/Hedviga-M.Gutierrez-1024x1024.jpg 1024w, https:\/\/hedvigagutierrez.sk\/wp-content\/uploads\/2026\/03\/Hedviga-M.Gutierrez-150x150.jpg 150w, https:\/\/hedvigagutierrez.sk\/wp-content\/uploads\/2026\/03\/Hedviga-M.Gutierrez-768x768.jpg 768w, https:\/\/hedvigagutierrez.sk\/wp-content\/uploads\/2026\/03\/Hedviga-M.Gutierrez-1536x1536.jpg 1536w, https:\/\/hedvigagutierrez.sk\/wp-content\/uploads\/2026\/03\/Hedviga-M.Gutierrez-2048x2048.jpg 2048w, https:\/\/hedvigagutierrez.sk\/wp-content\/uploads\/2026\/03\/Hedviga-M.Gutierrez-12x12.jpg 12w\" sizes=\"(max-width: 2480px) 100vw, 2480px\" title=\"ABOUT ME\" \/>\t\t\t\t\t\t\t\t\t\t\t\t\t\t\t<\/div>\n\t\t\t\t<\/div>\n\t\t\t\t\t<\/div>\n\t\t<\/div>\n\t\t\t\t<div class=\"elementor-column elementor-col-50 elementor-top-column elementor-element elementor-element-c72bec3\" data-id=\"c72bec3\" data-element_type=\"column\" data-e-type=\"column\">\n\t\t\t<div class=\"elementor-widget-wrap elementor-element-populated\">\n\t\t\t\t\t\t<div class=\"elementor-element elementor-element-9b9885c elementor-widget elementor-widget-text-editor\" data-id=\"9b9885c\" data-element_type=\"widget\" data-e-type=\"widget\" data-widget_type=\"text-editor.default\">\n\t\t\t\t<div class=\"elementor-widget-container\">\n\t\t\t\t\t\t\t\t\t<p dir=\"ltr\"><span style=\"font-family: century_gothic_r;\">Hedviga was born in Levice, Slovakia, and spent her childhood playing in her grandparents&#8216; village garden and treehouse, helping with garden tasks, and enjoying forest walks. Now based in Bratislava, she has a studio in the city\u2019s historic center. <\/span><\/p><p dir=\"ltr\"><span style=\"font-family: century_gothic_r;\">Art is a family tradition; her mother is a jeweler, and her grandparents were also creative. Hedviga spent countless hours in her mother\u2019s studio, observing metalwork and exploring her own creativity through drawing, collages, and jewelry making.<\/span><\/p><p dir=\"ltr\">\u00a0<\/p><p dir=\"ltr\"><span style=\"font-family: century_gothic_r;\">She studied classical graphic techniques and book design at the Secondary <\/span><\/p><p dir=\"ltr\"><span style=\"font-family: century_gothic_r;\">School of Art, then continued at the Academy of Fine Arts in Bratislava, <\/span><span style=\"font-family: century_gothic_r;\">focusing <\/span><\/p><p dir=\"ltr\"><span style=\"font-family: century_gothic_r;\">on children\u2019s book illustration. Since 2019, she has been a member of the Slovak Illustrators Association, winning the Most Beautiful Book in Slovakia award.<\/span><\/p><p dir=\"ltr\">\u00a0<\/p><p dir=\"ltr\"><span style=\"font-family: century_gothic_r;\">Her main inspirations are her collection of picture books, discussions with other illustrators, and feedback from her husband, her most honest critic. Her style is colorful and clean, aiming for harmony with an element of surprise, often hiding small details to create <\/span><\/p><p dir=\"ltr\"><span style=\"font-family: century_gothic_r;\">a playful viewer experience. Starting with pencil sketches to establish composition and perspective, she finishes digitally using tools like Adobe Photoshop, Procreate, and Illustrator. She also enjoys traditional techniques like screen printing and linocut. Procreate has become her preferred medium, allowing her to work anywhere\u2014from her studio to a coffee shop or her garden.<\/span><\/p>\t\t\t\t\t\t\t\t<\/div>\n\t\t\t\t<\/div>\n\t\t\t\t\t<\/div>\n\t\t<\/div>\n\t\t\t\t\t<\/div>\n\t\t<\/section>\n\t\t\t\t<section class=\"elementor-section elementor-top-section elementor-element elementor-element-46ee62e elementor-section-boxed elementor-section-height-default elementor-section-height-default\" data-id=\"46ee62e\" data-element_type=\"section\" data-e-type=\"section\">\n\t\t\t\t\t\t<div class=\"elementor-container elementor-column-gap-default\">\n\t\t\t\t\t<div class=\"elementor-column elementor-col-100 elementor-top-column elementor-element elementor-element-91c7749\" data-id=\"91c7749\" data-element_type=\"column\" data-e-type=\"column\">\n\t\t\t<div class=\"elementor-widget-wrap elementor-element-populated\">\n\t\t\t\t\t\t<div class=\"elementor-element elementor-element-d4e8ecc elementor-widget elementor-widget-spacer\" data-id=\"d4e8ecc\" data-element_type=\"widget\" data-e-type=\"widget\" data-widget_type=\"spacer.default\">\n\t\t\t\t<div class=\"elementor-widget-container\">\n\t\t\t\t\t\t\t<div class=\"elementor-spacer\">\n\t\t\t<div class=\"elementor-spacer-inner\"><\/div>\n\t\t<\/div>\n\t\t\t\t\t\t<\/div>\n\t\t\t\t<\/div>\n\t\t\t\t\t<\/div>\n\t\t<\/div>\n\t\t\t\t\t<\/div>\n\t\t<\/section>\n\t\t\t\t<section class=\"elementor-section elementor-top-section elementor-element elementor-element-312c888 elementor-section-content-top elementor-section-boxed elementor-section-height-default elementor-section-height-default\" data-id=\"312c888\" data-element_type=\"section\" data-e-type=\"section\">\n\t\t\t\t\t\t<div class=\"elementor-container elementor-column-gap-default\">\n\t\t\t\t\t<div class=\"elementor-column elementor-col-50 elementor-top-column elementor-element elementor-element-e0d4249\" data-id=\"e0d4249\" data-element_type=\"column\" data-e-type=\"column\">\n\t\t\t<div class=\"elementor-widget-wrap elementor-element-populated\">\n\t\t\t\t\t\t<div class=\"elementor-element elementor-element-da1586c elementor-widget__width-initial elementor-widget elementor-widget-text-editor\" data-id=\"da1586c\" data-element_type=\"widget\" data-e-type=\"widget\" data-widget_type=\"text-editor.default\">\n\t\t\t\t<div class=\"elementor-widget-container\">\n\t\t\t\t\t\t\t\t\t<p><strong>AWARDS<\/strong><\/p><ul><li>The Most Beautiful Children Books, Spring 2021: &#8222;Hojdali sa je\u017eibaby&#8220; Bibiana, International House of Art for Children, 2021<br \/><br \/><\/li><li>The Most Beautiful Children Books, Winter 2020: &#8222;Plech\u00e1\u010d Bob&#8220; Bibiana, International House of Art for Children, 2020<br \/><br \/><\/li><li>The Most Beautiful Books of Slovakia 2018; category: Student thesis Bibiana, International House of Art for Children, 2018<br \/><br \/><\/li><li>The Most Beautiful Books of Slovakia 2018: &#8222;BABAJAGA&#8220; Award of the Slovak National Library Bibiana, International House of Art for Children, 2018<br \/><br \/><\/li><li>The Most Beautiful Books of Slovakia 2017: &#8222;Nebojsa!&#8220;; category: Student thesis Bibiana, International House of Art for Children, 2017<\/li><\/ul>\t\t\t\t\t\t\t\t<\/div>\n\t\t\t\t<\/div>\n\t\t\t\t\t<\/div>\n\t\t<\/div>\n\t\t\t\t<div class=\"elementor-column elementor-col-50 elementor-top-column elementor-element elementor-element-3568e27\" data-id=\"3568e27\" data-element_type=\"column\" data-e-type=\"column\">\n\t\t\t<div class=\"elementor-widget-wrap elementor-element-populated\">\n\t\t\t\t\t\t<div class=\"elementor-element elementor-element-f3c9e24 elementor-widget__width-initial elementor-widget elementor-widget-text-editor\" data-id=\"f3c9e24\" data-element_type=\"widget\" data-e-type=\"widget\" data-widget_type=\"text-editor.default\">\n\t\t\t\t<div class=\"elementor-widget-container\">\n\t\t\t\t\t\t\t\t\t<p><strong>PUBLISHED BOOKS<\/strong><\/p><p><em>Buldog BOBO (2026)\u00a0 \u2022 Love Crew (2026)\u00a0 \u2022 Spooky Crew (2026)\u00a0 \u2022 Svetlanka a les (2025)\u00a0 \u2022 Our Special Panda Day: Exploring the World with Grandpa (2025)\u00a0 \u2022 Grandma&#8217;s Everything Bag (2025)\u00a0 \u2022 My Dad Knows Best (Sometimes) (2025)\u00a0 \u2022 My Mom Has Superpowers! (2025)\u00a0 \u2022 Ja a moja trieda (2025)\u00a0 \u2022 Oto the Rock (2025)\u00a0 \u2022 Petit guide de la randonn\u00e9e (2025)\u00a0 \u2022 Hur\u00e1 do p\u0159\u00edrody (2025)\u00a0 \u2022 \u010co to b\u00facha?! (2024)\u00a0 \u2022 Bubliny (2024)\u00a0 \u2022 Muzi\u010dka a jej \u010darovn\u00fd svet (2023)\u00a0 \u2022 Pod hladinou (2023)\u00a0 \u2022 Hotdog a \u010darovn\u00e9 Vianoce (2022)\u00a0 \u2022 \u010cipkovan\u00fd tato (2022)\u00a0 \u2022 O \u0160o\u0161ovi \u010do bral v\u0161etko doslova (2022)\u00a0 \u2022 Chrontulienka (2022)\u00a0 \u2022 Ako sa m\u00e1\u0161 Izabela? (2022)\u00a0 \u2022 Inovujte o 106 (2022)\u00a0 \u2022 A diverse world (2021)\u00a0 \u2022 Hojdali sa je\u017eibaby (2021)\u00a0 \u2022 Z\u00e1hada kni\u017enice na konci ulice (2021)\u00a0 \u2022 Plech\u00e1\u010d Bob (2021)\u00a0 \u2022 \u0160kriatok Bertil a z\u00e1hada straten\u00e9ho potoka (2020)\u00a0 \u2022 Mountain (2020)\u00a0 \u2022 Mal\u00ed hrdinovia (2019)\u00a0 \u2022 \u0147u\u0148o (2019)\u00a0 \u2022 Vt\u00e1\u010die dobrodru\u017estv\u00e1 (2019)\u00a0 \u2022 Kam chod\u00ed Bobr na no\u010dn\u00edk (2018)\u00a0 \u2022 BABA JAGA (2017)<\/em><\/p>\t\t\t\t\t\t\t\t<\/div>\n\t\t\t\t<\/div>\n\t\t\t\t\t<\/div>\n\t\t<\/div>\n\t\t\t\t\t<\/div>\n\t\t<\/section>\n\t\t\t\t<section class=\"elementor-section elementor-top-section elementor-element elementor-element-a160148 elementor-section-content-top elementor-section-boxed elementor-section-height-default elementor-section-height-default\" data-id=\"a160148\" data-element_type=\"section\" data-e-type=\"section\">\n\t\t\t\t\t\t<div class=\"elementor-container elementor-column-gap-default\">\n\t\t\t\t\t<div class=\"elementor-column elementor-col-50 elementor-top-column elementor-element elementor-element-e5610d0\" data-id=\"e5610d0\" data-element_type=\"column\" data-e-type=\"column\">\n\t\t\t<div class=\"elementor-widget-wrap elementor-element-populated\">\n\t\t\t\t\t\t<div class=\"elementor-element elementor-element-a517f1a elementor-widget__width-initial elementor-widget elementor-widget-text-editor\" data-id=\"a517f1a\" data-element_type=\"widget\" data-e-type=\"widget\" data-widget_type=\"text-editor.default\">\n\t\t\t\t<div class=\"elementor-widget-container\">\n\t\t\t\t\t\t\t\t\t<p><strong>EXHIBITIONS<\/strong><\/p><ul dir=\"auto\"><li>2025 TOTO gal\u00e9ria skupinov\u00e1 v\u00fdstava\u00a0 ANOLOG_NOT_FOUND<\/li><li>2025 Pr\u00edbeh Jedn\u00e9ho kamienka (piestany kniznica)<\/li><li>2025 V krajine za zrkadlom<\/li><li>2025 \u010co to b\u00facha v Pie\u0161\u0165anoch (autorsk\u00e1 v\u00fdstava)<\/li><li>2025 V\u00fdstava Hedvigy Gutierrez z rozpr\u00e1vky do rozpr\u00e1vky \u013dubovnianska Kni\u017enica<\/li><li>2024 Petr\u017ealsk\u00e1 kni\u017enica \u010co to b\u00facha v kni\u017enici?<\/li><li>2024 Pie\u0161\u0165ansk\u00e1 kniznica Z\u00e1zra\u010dn\u00fd orie\u0161ok \u201c\u010co to b\u00facha? Je to \u0160o\u0161o?\u00a0<\/li><li>2024 ROS autorsk\u00e1 v\u00fdstava<\/li><li>2024 Bibiana Pod hladinou autorsk\u00e1 v\u00fdstava<\/li><li>2024 Mestsk\u00e1 knihov na Praha Z rozpr\u00e1vky do poh\u00e1dky<\/li><li>2023 DANUBIANA Z rozpr\u00e1vky do poh\u00e1dky Autorsk\u00e1 v\u00fdstava<\/li><li>2023 Kni\u017enica mesta Pie\u0161tany z rozpr\u00e1vky do Poh\u00e1dky<\/li><li>2023 kniznica Petr\u017ealka Pod Hladinou\u00a0<\/li><\/ul>\t\t\t\t\t\t\t\t<\/div>\n\t\t\t\t<\/div>\n\t\t\t\t\t<\/div>\n\t\t<\/div>\n\t\t\t\t<div class=\"elementor-column elementor-col-50 elementor-top-column elementor-element elementor-element-2c2a7e3\" data-id=\"2c2a7e3\" data-element_type=\"column\" data-e-type=\"column\">\n\t\t\t<div class=\"elementor-widget-wrap elementor-element-populated\">\n\t\t\t\t\t\t<div class=\"elementor-element elementor-element-b1c2b5e elementor-widget__width-initial elementor-widget elementor-widget-text-editor\" data-id=\"b1c2b5e\" data-element_type=\"widget\" data-e-type=\"widget\" data-widget_type=\"text-editor.default\">\n\t\t\t\t<div class=\"elementor-widget-container\">\n\t\t\t\t\t\t\t\t\t<p><strong>EDUCATION<\/strong><\/p><ul><li>Academy of Fine Arts and Design in Bratislava, SK Department of Printmaking and Other Media Studio of Illustration and Printmaking 2018-2020<\/li><li>Academy of Fine Arts and Design in Bratislava, SK Department of Printmaking and Other Media Studio of Illustration and Printmaking 2014-2018<\/li><\/ul>\t\t\t\t\t\t\t\t<\/div>\n\t\t\t\t<\/div>\n\t\t\t\t\t<\/div>\n\t\t<\/div>\n\t\t\t\t\t<\/div>\n\t\t<\/section>\n\t\t\t\t<\/div>\n\t\t","protected":false},"excerpt":{"rendered":"<p>Hedviga was born in Levice, Slovakia, and spent her childhood playing in her grandparents&#8216; village garden and treehouse, helping with garden tasks, and enjoying forest walks. Now based in Bratislava, she has a studio in the city\u2019s historic center. Art is a family tradition; her mother is a jeweler, and her grandparents were also creative. [&hellip;]<\/p>\n","protected":false},"author":1,"featured_media":0,"parent":0,"menu_order":0,"comment_status":"closed","ping_status":"closed","template":"","meta":{"site-sidebar-layout":"no-sidebar","site-content-layout":"page-builder","ast-site-content-layout":"full-width-container","site-content-style":"default","site-sidebar-style":"default","ast-global-header-display":"","ast-banner-title-visibility":"","ast-main-header-display":"","ast-hfb-above-header-display":"","ast-hfb-below-header-display":"","ast-hfb-mobile-header-display":"","site-post-title":"disabled","ast-breadcrumbs-content":"","ast-featured-img":"disabled","footer-sml-layout":"","theme-transparent-header-meta":"","adv-header-id-meta":"","stick-header-meta":"","header-above-stick-meta":"","header-main-stick-meta":"","header-below-stick-meta":"","astra-migrate-meta-layouts":"set","ast-page-background-enabled":"default","ast-page-background-meta":{"desktop":{"background-color":"","background-image":"","background-repeat":"repeat","background-position":"center center","background-size":"auto","background-attachment":"scroll","background-type":"","background-media":"","overlay-type":"","overlay-color":"","overlay-opacity":"","overlay-gradient":""},"tablet":{"background-color":"","background-image":"","background-repeat":"repeat","background-position":"center center","background-size":"auto","background-attachment":"scroll","background-type":"","background-media":"","overlay-type":"","overlay-color":"","overlay-opacity":"","overlay-gradient":""},"mobile":{"background-color":"","background-image":"","background-repeat":"repeat","background-position":"center center","background-size":"auto","background-attachment":"scroll","background-type":"","background-media":"","overlay-type":"","overlay-color":"","overlay-opacity":"","overlay-gradient":""}},"ast-content-background-meta":{"desktop":{"background-color":"var(--ast-global-color-5)","background-image":"","background-repeat":"repeat","background-position":"center center","background-size":"auto","background-attachment":"scroll","background-type":"","background-media":"","overlay-type":"","overlay-color":"","overlay-opacity":"","overlay-gradient":""},"tablet":{"background-color":"var(--ast-global-color-5)","background-image":"","background-repeat":"repeat","background-position":"center center","background-size":"auto","background-attachment":"scroll","background-type":"","background-media":"","overlay-type":"","overlay-color":"","overlay-opacity":"","overlay-gradient":""},"mobile":{"background-color":"var(--ast-global-color-5)","background-image":"","background-repeat":"repeat","background-position":"center center","background-size":"auto","background-attachment":"scroll","background-type":"","background-media":"","overlay-type":"","overlay-color":"","overlay-opacity":"","overlay-gradient":""}},"footnotes":""},"class_list":["post-2993","page","type-page","status-publish","hentry"],"aioseo_notices":[],"_links":{"self":[{"href":"https:\/\/hedvigagutierrez.sk\/index.php?rest_route=\/wp\/v2\/pages\/2993","targetHints":{"allow":["GET"]}}],"collection":[{"href":"https:\/\/hedvigagutierrez.sk\/index.php?rest_route=\/wp\/v2\/pages"}],"about":[{"href":"https:\/\/hedvigagutierrez.sk\/index.php?rest_route=\/wp\/v2\/types\/page"}],"author":[{"embeddable":true,"href":"https:\/\/hedvigagutierrez.sk\/index.php?rest_route=\/wp\/v2\/users\/1"}],"replies":[{"embeddable":true,"href":"https:\/\/hedvigagutierrez.sk\/index.php?rest_route=%2Fwp%2Fv2%2Fcomments&post=2993"}],"version-history":[{"count":6,"href":"https:\/\/hedvigagutierrez.sk\/index.php?rest_route=\/wp\/v2\/pages\/2993\/revisions"}],"predecessor-version":[{"id":3873,"href":"https:\/\/hedvigagutierrez.sk\/index.php?rest_route=\/wp\/v2\/pages\/2993\/revisions\/3873"}],"wp:attachment":[{"href":"https:\/\/hedvigagutierrez.sk\/index.php?rest_route=%2Fwp%2Fv2%2Fmedia&parent=2993"}],"curies":[{"name":"wp","href":"https:\/\/api.w.org\/{rel}","templated":true}]}}