{"id":2519,"date":"2022-09-30T19:03:32","date_gmt":"2022-09-30T17:03:32","guid":{"rendered":"https:\/\/hedvigagutierrez.sk\/?page_id=2519"},"modified":"2024-05-13T18:01:59","modified_gmt":"2024-05-13T16:01:59","slug":"hotdog-a-carovne-vianoce","status":"publish","type":"page","link":"https:\/\/hedvigagutierrez.sk\/?page_id=2519","title":{"rendered":"Hotdog a \u010darovn\u00e9 Vianoce"},"content":{"rendered":"\t\t<div data-elementor-type=\"wp-page\" data-elementor-id=\"2519\" class=\"elementor elementor-2519\">\n\t\t\t\t\t\t<section class=\"elementor-section elementor-top-section elementor-element elementor-element-28f707c elementor-section-boxed elementor-section-height-default elementor-section-height-default\" data-id=\"28f707c\" data-element_type=\"section\" data-e-type=\"section\">\n\t\t\t\t\t\t<div class=\"elementor-container elementor-column-gap-default\">\n\t\t\t\t\t<div class=\"elementor-column elementor-col-100 elementor-top-column elementor-element elementor-element-3553fc1\" data-id=\"3553fc1\" data-element_type=\"column\" data-e-type=\"column\">\n\t\t\t<div class=\"elementor-widget-wrap elementor-element-populated\">\n\t\t\t\t\t\t<div class=\"elementor-element elementor-element-a546af7 elementor-widget elementor-widget-heading\" data-id=\"a546af7\" data-element_type=\"widget\" data-e-type=\"widget\" data-widget_type=\"heading.default\">\n\t\t\t\t<div class=\"elementor-widget-container\">\n\t\t\t\t\t<h2 class=\"elementor-heading-title elementor-size-default\">Hotdog a \u010darovn\u00e9 Vianoce<\/h2>\t\t\t\t<\/div>\n\t\t\t\t<\/div>\n\t\t\t\t\t<\/div>\n\t\t<\/div>\n\t\t\t\t\t<\/div>\n\t\t<\/section>\n\t\t\t\t<section class=\"elementor-section elementor-top-section elementor-element elementor-element-eea4f2f elementor-section-boxed elementor-section-height-default elementor-section-height-default\" data-id=\"eea4f2f\" data-element_type=\"section\" data-e-type=\"section\">\n\t\t\t\t\t\t<div class=\"elementor-container elementor-column-gap-default\">\n\t\t\t\t\t<div class=\"elementor-column elementor-col-100 elementor-top-column elementor-element elementor-element-4befcfe\" data-id=\"4befcfe\" data-element_type=\"column\" data-e-type=\"column\">\n\t\t\t<div class=\"elementor-widget-wrap elementor-element-populated\">\n\t\t\t\t\t\t<div class=\"elementor-element elementor-element-dea8a0f elementor-widget__width-initial elementor-widget elementor-widget-text-editor\" data-id=\"dea8a0f\" data-element_type=\"widget\" data-e-type=\"widget\" data-widget_type=\"text-editor.default\">\n\t\t\t\t<div class=\"elementor-widget-container\">\n\t\t\t\t\t\t\t\t\t<p><span style=\"color: #000000;\"><strong>Text:<\/strong> Krist\u00edna Baluchov\u00e1<\/span><\/p><p><span style=\"color: #000000;\"><strong>Publisher:<\/strong> Pluto\u0161op, 2022<\/span><\/p>\t\t\t\t\t\t\t\t<\/div>\n\t\t\t\t<\/div>\n\t\t\t\t\t<\/div>\n\t\t<\/div>\n\t\t\t\t\t<\/div>\n\t\t<\/section>\n\t\t\t\t<section class=\"elementor-section elementor-top-section elementor-element elementor-element-7714aa4 elementor-section-boxed elementor-section-height-default elementor-section-height-default elementor-invisible\" data-id=\"7714aa4\" data-element_type=\"section\" data-e-type=\"section\" data-settings=\"{&quot;animation&quot;:&quot;fadeIn&quot;}\">\n\t\t\t\t\t\t<div class=\"elementor-container elementor-column-gap-default\">\n\t\t\t\t\t<div class=\"elementor-column elementor-col-100 elementor-top-column elementor-element elementor-element-49731d6\" data-id=\"49731d6\" data-element_type=\"column\" data-e-type=\"column\">\n\t\t\t<div class=\"elementor-widget-wrap elementor-element-populated\">\n\t\t\t\t\t\t<div class=\"elementor-element elementor-element-dfa101c gallery-spacing-custom elementor-invisible elementor-widget elementor-widget-image-gallery\" data-id=\"dfa101c\" data-element_type=\"widget\" data-e-type=\"widget\" data-settings=\"{&quot;_animation&quot;:&quot;fadeIn&quot;}\" data-widget_type=\"image-gallery.default\">\n\t\t\t\t<div class=\"elementor-widget-container\">\n\t\t\t\t\t\t\t<div class=\"elementor-image-gallery\">\n\t\t\t<div id='gallery-1' class='gallery galleryid-2519 gallery-columns-2 gallery-size-full'><figure class='gallery-item'>\n\t\t\t<div class='gallery-icon portrait'>\n\t\t\t\t<a  href='https:\/\/hedvigagutierrez.sk\/wp-content\/uploads\/2022\/09\/5_ILUSTRACIA_ZDROJOVE-scaled.jpg'><img fetchpriority=\"high\" decoding=\"async\" width=\"2067\" height=\"2560\" src=\"https:\/\/hedvigagutierrez.sk\/wp-content\/uploads\/2022\/09\/5_ILUSTRACIA_ZDROJOVE-scaled.jpg\" class=\"attachment-full size-full\" alt=\"Hotdog a \u010darovn\u00e9 Vianoce\" srcset=\"https:\/\/hedvigagutierrez.sk\/wp-content\/uploads\/2022\/09\/5_ILUSTRACIA_ZDROJOVE-scaled.jpg 2067w, https:\/\/hedvigagutierrez.sk\/wp-content\/uploads\/2022\/09\/5_ILUSTRACIA_ZDROJOVE-242x300.jpg 242w, https:\/\/hedvigagutierrez.sk\/wp-content\/uploads\/2022\/09\/5_ILUSTRACIA_ZDROJOVE-827x1024.jpg 827w, https:\/\/hedvigagutierrez.sk\/wp-content\/uploads\/2022\/09\/5_ILUSTRACIA_ZDROJOVE-768x951.jpg 768w, https:\/\/hedvigagutierrez.sk\/wp-content\/uploads\/2022\/09\/5_ILUSTRACIA_ZDROJOVE-1240x1536.jpg 1240w, https:\/\/hedvigagutierrez.sk\/wp-content\/uploads\/2022\/09\/5_ILUSTRACIA_ZDROJOVE-1654x2048.jpg 1654w, https:\/\/hedvigagutierrez.sk\/wp-content\/uploads\/2022\/09\/5_ILUSTRACIA_ZDROJOVE-10x12.jpg 10w\" sizes=\"(max-width: 2067px) 100vw, 2067px\" title=\"Hotdog a \u010darovn\u00e9 Vianoce\" \/><\/a>\n\t\t\t<\/div><\/figure><figure class='gallery-item'>\n\t\t\t<div class='gallery-icon portrait'>\n\t\t\t\t<a  href='https:\/\/hedvigagutierrez.sk\/wp-content\/uploads\/2022\/09\/2_ILUSTRACIA_ZDROJOVE-scaled.jpg'><img decoding=\"async\" width=\"2067\" height=\"2560\" src=\"https:\/\/hedvigagutierrez.sk\/wp-content\/uploads\/2022\/09\/2_ILUSTRACIA_ZDROJOVE-scaled.jpg\" class=\"attachment-full size-full\" alt=\"Hotdog a \u010darovn\u00e9 Vianoce\" srcset=\"https:\/\/hedvigagutierrez.sk\/wp-content\/uploads\/2022\/09\/2_ILUSTRACIA_ZDROJOVE-scaled.jpg 2067w, https:\/\/hedvigagutierrez.sk\/wp-content\/uploads\/2022\/09\/2_ILUSTRACIA_ZDROJOVE-242x300.jpg 242w, https:\/\/hedvigagutierrez.sk\/wp-content\/uploads\/2022\/09\/2_ILUSTRACIA_ZDROJOVE-827x1024.jpg 827w, https:\/\/hedvigagutierrez.sk\/wp-content\/uploads\/2022\/09\/2_ILUSTRACIA_ZDROJOVE-768x951.jpg 768w, https:\/\/hedvigagutierrez.sk\/wp-content\/uploads\/2022\/09\/2_ILUSTRACIA_ZDROJOVE-1240x1536.jpg 1240w, https:\/\/hedvigagutierrez.sk\/wp-content\/uploads\/2022\/09\/2_ILUSTRACIA_ZDROJOVE-1654x2048.jpg 1654w, https:\/\/hedvigagutierrez.sk\/wp-content\/uploads\/2022\/09\/2_ILUSTRACIA_ZDROJOVE-10x12.jpg 10w\" sizes=\"(max-width: 2067px) 100vw, 2067px\" title=\"Hotdog a \u010darovn\u00e9 Vianoce\" \/><\/a>\n\t\t\t<\/div><\/figure><figure class='gallery-item'>\n\t\t\t<div class='gallery-icon portrait'>\n\t\t\t\t<a  href='https:\/\/hedvigagutierrez.sk\/wp-content\/uploads\/2022\/09\/6_ILUSTRACIA_ZDROJOVE-scaled.jpg'><img decoding=\"async\" width=\"2067\" height=\"2560\" src=\"https:\/\/hedvigagutierrez.sk\/wp-content\/uploads\/2022\/09\/6_ILUSTRACIA_ZDROJOVE-scaled.jpg\" class=\"attachment-full size-full\" alt=\"Hotdog a \u010darovn\u00e9 Vianoce\" srcset=\"https:\/\/hedvigagutierrez.sk\/wp-content\/uploads\/2022\/09\/6_ILUSTRACIA_ZDROJOVE-scaled.jpg 2067w, https:\/\/hedvigagutierrez.sk\/wp-content\/uploads\/2022\/09\/6_ILUSTRACIA_ZDROJOVE-242x300.jpg 242w, https:\/\/hedvigagutierrez.sk\/wp-content\/uploads\/2022\/09\/6_ILUSTRACIA_ZDROJOVE-827x1024.jpg 827w, https:\/\/hedvigagutierrez.sk\/wp-content\/uploads\/2022\/09\/6_ILUSTRACIA_ZDROJOVE-768x951.jpg 768w, https:\/\/hedvigagutierrez.sk\/wp-content\/uploads\/2022\/09\/6_ILUSTRACIA_ZDROJOVE-1240x1536.jpg 1240w, https:\/\/hedvigagutierrez.sk\/wp-content\/uploads\/2022\/09\/6_ILUSTRACIA_ZDROJOVE-1654x2048.jpg 1654w, https:\/\/hedvigagutierrez.sk\/wp-content\/uploads\/2022\/09\/6_ILUSTRACIA_ZDROJOVE-10x12.jpg 10w\" sizes=\"(max-width: 2067px) 100vw, 2067px\" title=\"Hotdog a \u010darovn\u00e9 Vianoce\" \/><\/a>\n\t\t\t<\/div><\/figure><figure class='gallery-item'>\n\t\t\t<div class='gallery-icon portrait'>\n\t\t\t\t<a  href='https:\/\/hedvigagutierrez.sk\/wp-content\/uploads\/2022\/09\/1_ILUSTRACIA_ZDROJOVE-scaled.jpg'><img loading=\"lazy\" decoding=\"async\" width=\"2067\" height=\"2560\" src=\"https:\/\/hedvigagutierrez.sk\/wp-content\/uploads\/2022\/09\/1_ILUSTRACIA_ZDROJOVE-scaled.jpg\" class=\"attachment-full size-full\" alt=\"Hotdog a \u010darovn\u00e9 Vianoce\" srcset=\"https:\/\/hedvigagutierrez.sk\/wp-content\/uploads\/2022\/09\/1_ILUSTRACIA_ZDROJOVE-scaled.jpg 2067w, https:\/\/hedvigagutierrez.sk\/wp-content\/uploads\/2022\/09\/1_ILUSTRACIA_ZDROJOVE-242x300.jpg 242w, https:\/\/hedvigagutierrez.sk\/wp-content\/uploads\/2022\/09\/1_ILUSTRACIA_ZDROJOVE-827x1024.jpg 827w, https:\/\/hedvigagutierrez.sk\/wp-content\/uploads\/2022\/09\/1_ILUSTRACIA_ZDROJOVE-768x951.jpg 768w, https:\/\/hedvigagutierrez.sk\/wp-content\/uploads\/2022\/09\/1_ILUSTRACIA_ZDROJOVE-1240x1536.jpg 1240w, https:\/\/hedvigagutierrez.sk\/wp-content\/uploads\/2022\/09\/1_ILUSTRACIA_ZDROJOVE-1654x2048.jpg 1654w, https:\/\/hedvigagutierrez.sk\/wp-content\/uploads\/2022\/09\/1_ILUSTRACIA_ZDROJOVE-10x12.jpg 10w\" sizes=\"(max-width: 2067px) 100vw, 2067px\" title=\"Hotdog a \u010darovn\u00e9 Vianoce\" \/><\/a>\n\t\t\t<\/div><\/figure><figure class='gallery-item'>\n\t\t\t<div class='gallery-icon portrait'>\n\t\t\t\t<a  href='https:\/\/hedvigagutierrez.sk\/wp-content\/uploads\/2022\/09\/7_ILUSTRACIA_ZDROJOVE-scaled.jpg'><img loading=\"lazy\" decoding=\"async\" width=\"2067\" height=\"2560\" src=\"https:\/\/hedvigagutierrez.sk\/wp-content\/uploads\/2022\/09\/7_ILUSTRACIA_ZDROJOVE-scaled.jpg\" class=\"attachment-full size-full\" alt=\"Hotdog a \u010darovn\u00e9 Vianoce\" srcset=\"https:\/\/hedvigagutierrez.sk\/wp-content\/uploads\/2022\/09\/7_ILUSTRACIA_ZDROJOVE-scaled.jpg 2067w, https:\/\/hedvigagutierrez.sk\/wp-content\/uploads\/2022\/09\/7_ILUSTRACIA_ZDROJOVE-242x300.jpg 242w, https:\/\/hedvigagutierrez.sk\/wp-content\/uploads\/2022\/09\/7_ILUSTRACIA_ZDROJOVE-827x1024.jpg 827w, https:\/\/hedvigagutierrez.sk\/wp-content\/uploads\/2022\/09\/7_ILUSTRACIA_ZDROJOVE-768x951.jpg 768w, https:\/\/hedvigagutierrez.sk\/wp-content\/uploads\/2022\/09\/7_ILUSTRACIA_ZDROJOVE-1240x1536.jpg 1240w, https:\/\/hedvigagutierrez.sk\/wp-content\/uploads\/2022\/09\/7_ILUSTRACIA_ZDROJOVE-1654x2048.jpg 1654w, https:\/\/hedvigagutierrez.sk\/wp-content\/uploads\/2022\/09\/7_ILUSTRACIA_ZDROJOVE-10x12.jpg 10w\" sizes=\"(max-width: 2067px) 100vw, 2067px\" title=\"Hotdog a \u010darovn\u00e9 Vianoce\" \/><\/a>\n\t\t\t<\/div><\/figure><figure class='gallery-item'>\n\t\t\t<div class='gallery-icon portrait'>\n\t\t\t\t<a  href='https:\/\/hedvigagutierrez.sk\/wp-content\/uploads\/2022\/09\/8_ILUSTRACIA_ZDROJOVE-scaled.jpg'><img loading=\"lazy\" decoding=\"async\" width=\"2067\" height=\"2560\" src=\"https:\/\/hedvigagutierrez.sk\/wp-content\/uploads\/2022\/09\/8_ILUSTRACIA_ZDROJOVE-scaled.jpg\" class=\"attachment-full size-full\" alt=\"Hotdog a \u010darovn\u00e9 Vianoce\" srcset=\"https:\/\/hedvigagutierrez.sk\/wp-content\/uploads\/2022\/09\/8_ILUSTRACIA_ZDROJOVE-scaled.jpg 2067w, https:\/\/hedvigagutierrez.sk\/wp-content\/uploads\/2022\/09\/8_ILUSTRACIA_ZDROJOVE-242x300.jpg 242w, https:\/\/hedvigagutierrez.sk\/wp-content\/uploads\/2022\/09\/8_ILUSTRACIA_ZDROJOVE-827x1024.jpg 827w, https:\/\/hedvigagutierrez.sk\/wp-content\/uploads\/2022\/09\/8_ILUSTRACIA_ZDROJOVE-768x951.jpg 768w, https:\/\/hedvigagutierrez.sk\/wp-content\/uploads\/2022\/09\/8_ILUSTRACIA_ZDROJOVE-1240x1536.jpg 1240w, https:\/\/hedvigagutierrez.sk\/wp-content\/uploads\/2022\/09\/8_ILUSTRACIA_ZDROJOVE-1654x2048.jpg 1654w, https:\/\/hedvigagutierrez.sk\/wp-content\/uploads\/2022\/09\/8_ILUSTRACIA_ZDROJOVE-10x12.jpg 10w\" sizes=\"(max-width: 2067px) 100vw, 2067px\" title=\"Hotdog a \u010darovn\u00e9 Vianoce\" \/><\/a>\n\t\t\t<\/div><\/figure>\n\t\t<\/div>\n\t\t<\/div>\n\t\t\t\t\t\t<\/div>\n\t\t\t\t<\/div>\n\t\t\t\t\t<\/div>\n\t\t<\/div>\n\t\t\t\t\t<\/div>\n\t\t<\/section>\n\t\t\t\t<\/div>\n\t\t","protected":false},"excerpt":{"rendered":"<p>Hotdog a \u010darovn\u00e9 Vianoce Text: Krist\u00edna Baluchov\u00e1 Publisher: Pluto\u0161op, 2022<\/p>\n","protected":false},"author":1,"featured_media":0,"parent":0,"menu_order":0,"comment_status":"closed","ping_status":"closed","template":"","meta":{"site-sidebar-layout":"no-sidebar","site-content-layout":"page-builder","ast-site-content-layout":"default","site-content-style":"default","site-sidebar-style":"default","ast-global-header-display":"","ast-banner-title-visibility":"","ast-main-header-display":"","ast-hfb-above-header-display":"","ast-hfb-below-header-display":"","ast-hfb-mobile-header-display":"","site-post-title":"disabled","ast-breadcrumbs-content":"","ast-featured-img":"disabled","footer-sml-layout":"","theme-transparent-header-meta":"default","adv-header-id-meta":"","stick-header-meta":"","header-above-stick-meta":"","header-main-stick-meta":"","header-below-stick-meta":"","astra-migrate-meta-layouts":"default","ast-page-background-enabled":"default","ast-page-background-meta":{"desktop":{"background-color":"","background-image":"","background-repeat":"repeat","background-position":"center center","background-size":"auto","background-attachment":"scroll","background-type":"","background-media":"","overlay-type":"","overlay-color":"","overlay-opacity":"","overlay-gradient":""},"tablet":{"background-color":"","background-image":"","background-repeat":"repeat","background-position":"center center","background-size":"auto","background-attachment":"scroll","background-type":"","background-media":"","overlay-type":"","overlay-color":"","overlay-opacity":"","overlay-gradient":""},"mobile":{"background-color":"","background-image":"","background-repeat":"repeat","background-position":"center center","background-size":"auto","background-attachment":"scroll","background-type":"","background-media":"","overlay-type":"","overlay-color":"","overlay-opacity":"","overlay-gradient":""}},"ast-content-background-meta":{"desktop":{"background-color":"var(--ast-global-color-5)","background-image":"","background-repeat":"repeat","background-position":"center center","background-size":"auto","background-attachment":"scroll","background-type":"","background-media":"","overlay-type":"","overlay-color":"","overlay-opacity":"","overlay-gradient":""},"tablet":{"background-color":"var(--ast-global-color-5)","background-image":"","background-repeat":"repeat","background-position":"center center","background-size":"auto","background-attachment":"scroll","background-type":"","background-media":"","overlay-type":"","overlay-color":"","overlay-opacity":"","overlay-gradient":""},"mobile":{"background-color":"var(--ast-global-color-5)","background-image":"","background-repeat":"repeat","background-position":"center center","background-size":"auto","background-attachment":"scroll","background-type":"","background-media":"","overlay-type":"","overlay-color":"","overlay-opacity":"","overlay-gradient":""}},"footnotes":""},"class_list":["post-2519","page","type-page","status-publish","hentry"],"aioseo_notices":[],"_links":{"self":[{"href":"https:\/\/hedvigagutierrez.sk\/index.php?rest_route=\/wp\/v2\/pages\/2519","targetHints":{"allow":["GET"]}}],"collection":[{"href":"https:\/\/hedvigagutierrez.sk\/index.php?rest_route=\/wp\/v2\/pages"}],"about":[{"href":"https:\/\/hedvigagutierrez.sk\/index.php?rest_route=\/wp\/v2\/types\/page"}],"author":[{"embeddable":true,"href":"https:\/\/hedvigagutierrez.sk\/index.php?rest_route=\/wp\/v2\/users\/1"}],"replies":[{"embeddable":true,"href":"https:\/\/hedvigagutierrez.sk\/index.php?rest_route=%2Fwp%2Fv2%2Fcomments&post=2519"}],"version-history":[{"count":6,"href":"https:\/\/hedvigagutierrez.sk\/index.php?rest_route=\/wp\/v2\/pages\/2519\/revisions"}],"predecessor-version":[{"id":3191,"href":"https:\/\/hedvigagutierrez.sk\/index.php?rest_route=\/wp\/v2\/pages\/2519\/revisions\/3191"}],"wp:attachment":[{"href":"https:\/\/hedvigagutierrez.sk\/index.php?rest_route=%2Fwp%2Fv2%2Fmedia&parent=2519"}],"curies":[{"name":"wp","href":"https:\/\/api.w.org\/{rel}","templated":true}]}}