{"id":1284,"date":"2021-04-29T21:11:24","date_gmt":"2021-04-29T19:11:24","guid":{"rendered":"https:\/\/hedvigagutierrez.sk\/?page_id=1284"},"modified":"2021-04-29T21:33:44","modified_gmt":"2021-04-29T19:33:44","slug":"mali-hrdinovia-hasici","status":"publish","type":"page","link":"https:\/\/hedvigagutierrez.sk\/?page_id=1284","title":{"rendered":"Mal\u00ed hrdinovia hasi\u010di"},"content":{"rendered":"\t\t<div data-elementor-type=\"wp-page\" data-elementor-id=\"1284\" class=\"elementor elementor-1284\">\n\t\t\t\t\t\t<section class=\"elementor-section elementor-top-section elementor-element elementor-element-ba26644 elementor-section-boxed elementor-section-height-default elementor-section-height-default\" data-id=\"ba26644\" data-element_type=\"section\" data-e-type=\"section\">\n\t\t\t\t\t\t<div class=\"elementor-container elementor-column-gap-default\">\n\t\t\t\t\t<div class=\"elementor-column elementor-col-100 elementor-top-column elementor-element elementor-element-8ba0bfb\" data-id=\"8ba0bfb\" data-element_type=\"column\" data-e-type=\"column\">\n\t\t\t<div class=\"elementor-widget-wrap elementor-element-populated\">\n\t\t\t\t\t\t<div class=\"elementor-element elementor-element-c38b7fe elementor-widget elementor-widget-heading\" data-id=\"c38b7fe\" data-element_type=\"widget\" data-e-type=\"widget\" data-widget_type=\"heading.default\">\n\t\t\t\t<div class=\"elementor-widget-container\">\n\t\t\t\t\t<h2 class=\"elementor-heading-title elementor-size-default\">Mal\u00ed hrdinovia hasi\u010di<\/h2>\t\t\t\t<\/div>\n\t\t\t\t<\/div>\n\t\t\t\t\t<\/div>\n\t\t<\/div>\n\t\t\t\t\t<\/div>\n\t\t<\/section>\n\t\t\t\t<section class=\"elementor-section elementor-top-section elementor-element elementor-element-01215af elementor-section-boxed elementor-section-height-default elementor-section-height-default\" data-id=\"01215af\" data-element_type=\"section\" data-e-type=\"section\">\n\t\t\t\t\t\t<div class=\"elementor-container elementor-column-gap-default\">\n\t\t\t\t\t<div class=\"elementor-column elementor-col-100 elementor-top-column elementor-element elementor-element-535af1d\" data-id=\"535af1d\" data-element_type=\"column\" data-e-type=\"column\">\n\t\t\t<div class=\"elementor-widget-wrap elementor-element-populated\">\n\t\t\t\t\t\t<div class=\"elementor-element elementor-element-f876f15 elementor-invisible elementor-widget elementor-widget-image\" data-id=\"f876f15\" data-element_type=\"widget\" data-e-type=\"widget\" data-settings=\"{&quot;_animation&quot;:&quot;fadeIn&quot;}\" data-widget_type=\"image.default\">\n\t\t\t\t<div class=\"elementor-widget-container\">\n\t\t\t\t\t\t\t\t\t\t\t\t\t\t\t<img fetchpriority=\"high\" decoding=\"async\" width=\"2250\" height=\"1367\" src=\"https:\/\/hedvigagutierrez.sk\/wp-content\/uploads\/2021\/04\/COVER-16.jpg\" class=\"attachment-full size-full wp-image-1296\" alt=\"Mal\u00ed hrdinovia hasi\u010di\" srcset=\"https:\/\/hedvigagutierrez.sk\/wp-content\/uploads\/2021\/04\/COVER-16.jpg 2250w, https:\/\/hedvigagutierrez.sk\/wp-content\/uploads\/2021\/04\/COVER-16-300x182.jpg 300w, https:\/\/hedvigagutierrez.sk\/wp-content\/uploads\/2021\/04\/COVER-16-1024x622.jpg 1024w, https:\/\/hedvigagutierrez.sk\/wp-content\/uploads\/2021\/04\/COVER-16-768x467.jpg 768w, https:\/\/hedvigagutierrez.sk\/wp-content\/uploads\/2021\/04\/COVER-16-1536x933.jpg 1536w, https:\/\/hedvigagutierrez.sk\/wp-content\/uploads\/2021\/04\/COVER-16-2048x1244.jpg 2048w\" sizes=\"(max-width: 2250px) 100vw, 2250px\" title=\"Mal\u00ed hrdinovia hasi\u010di\" \/>\t\t\t\t\t\t\t\t\t\t\t\t\t\t\t<\/div>\n\t\t\t\t<\/div>\n\t\t\t\t\t<\/div>\n\t\t<\/div>\n\t\t\t\t\t<\/div>\n\t\t<\/section>\n\t\t\t\t<section class=\"elementor-section elementor-top-section elementor-element elementor-element-a61c172 elementor-section-boxed elementor-section-height-default elementor-section-height-default\" data-id=\"a61c172\" data-element_type=\"section\" data-e-type=\"section\">\n\t\t\t\t\t\t<div class=\"elementor-container elementor-column-gap-default\">\n\t\t\t\t\t<div class=\"elementor-column elementor-col-100 elementor-top-column elementor-element elementor-element-c5e1acf\" data-id=\"c5e1acf\" data-element_type=\"column\" data-e-type=\"column\">\n\t\t\t<div class=\"elementor-widget-wrap elementor-element-populated\">\n\t\t\t\t\t\t<div class=\"elementor-element elementor-element-25efb08 elementor-widget elementor-widget-text-editor\" data-id=\"25efb08\" data-element_type=\"widget\" data-e-type=\"widget\" data-widget_type=\"text-editor.default\">\n\t\t\t\t<div class=\"elementor-widget-container\">\n\t\t\t\t\t\t\t\t\t<p>Text: Diana Ma\u0161lejov\u00e1<\/p><p>Vydavate\u013estvo: Albatros Media, 2019<\/p><p>\u00a0<\/p><p>Aj vy be\u017e\u00edte k oknu, hne\u010f ako po\u010dujete h\u00faka\u0165 hasi\u010dsk\u00e9 auto? Viete, ako hasi\u010di hasia po\u017eiar a ak\u00ed odv\u00e1\u017eni musia by\u0165?<br \/>Hugo si myslel, \u017ee o po\u017eiari nepotrebuje ni\u010d vedie\u0165. Ve\u010f kde by mu dnes nie\u010do tak\u00e9 hrozilo? Na druh\u00fd de\u0148 v\u0161ak do \u0161koly pri\u0161li HASI\u010cI! Dorazili na obrovskom hasi\u010dskom aute a so \u017eiakmi nacvi\u010dili, ako sa pri po\u017eiari spr\u00e1va\u0165 a \u010do robi\u0165. Hugo e\u0161te v ten ve\u010der uc\u00edti doma \u0161tip\u013eav\u00fd smrad a zazrie dym\u2026 POMOC, HOR\u00cd! Hugo mus\u00ed zachr\u00e1ni\u0165 nielen seba, sestru, ale aj v\u0161etk\u00fdch susedov!<\/p>\t\t\t\t\t\t\t\t<\/div>\n\t\t\t\t<\/div>\n\t\t\t\t\t<\/div>\n\t\t<\/div>\n\t\t\t\t\t<\/div>\n\t\t<\/section>\n\t\t\t\t<section class=\"elementor-section elementor-top-section elementor-element elementor-element-e2223cf elementor-section-boxed elementor-section-height-default elementor-section-height-default elementor-invisible\" data-id=\"e2223cf\" data-element_type=\"section\" data-e-type=\"section\" data-settings=\"{&quot;animation&quot;:&quot;fadeIn&quot;}\">\n\t\t\t\t\t\t<div class=\"elementor-container elementor-column-gap-default\">\n\t\t\t\t\t<div class=\"elementor-column elementor-col-100 elementor-top-column elementor-element elementor-element-7ac001c\" data-id=\"7ac001c\" data-element_type=\"column\" data-e-type=\"column\">\n\t\t\t<div class=\"elementor-widget-wrap elementor-element-populated\">\n\t\t\t\t\t\t<div class=\"elementor-element elementor-element-8ffe7ce elementor-widget elementor-widget-spacer\" data-id=\"8ffe7ce\" data-element_type=\"widget\" data-e-type=\"widget\" data-widget_type=\"spacer.default\">\n\t\t\t\t<div class=\"elementor-widget-container\">\n\t\t\t\t\t\t\t<div class=\"elementor-spacer\">\n\t\t\t<div class=\"elementor-spacer-inner\"><\/div>\n\t\t<\/div>\n\t\t\t\t\t\t<\/div>\n\t\t\t\t<\/div>\n\t\t\t\t<div class=\"elementor-element elementor-element-27ae6b7 elementor-widget elementor-widget-image-gallery\" data-id=\"27ae6b7\" data-element_type=\"widget\" data-e-type=\"widget\" data-widget_type=\"image-gallery.default\">\n\t\t\t\t<div class=\"elementor-widget-container\">\n\t\t\t\t\t\t\t<div class=\"elementor-image-gallery\">\n\t\t\t<div id='gallery-55' class='gallery galleryid-1284 gallery-columns-2 gallery-size-full'><figure class='gallery-item'>\n\t\t\t<div class='gallery-icon landscape'>\n\t\t\t\t<a  href='https:\/\/hedvigagutierrez.sk\/wp-content\/uploads\/2021\/04\/4-9-scaled.jpg'><img decoding=\"async\" width=\"2560\" height=\"1924\" src=\"https:\/\/hedvigagutierrez.sk\/wp-content\/uploads\/2021\/04\/4-9-scaled.jpg\" class=\"attachment-full size-full\" alt=\"Mal\u00ed hrdinovia hasi\u010di\" srcset=\"https:\/\/hedvigagutierrez.sk\/wp-content\/uploads\/2021\/04\/4-9-scaled.jpg 2560w, https:\/\/hedvigagutierrez.sk\/wp-content\/uploads\/2021\/04\/4-9-300x226.jpg 300w, https:\/\/hedvigagutierrez.sk\/wp-content\/uploads\/2021\/04\/4-9-1024x770.jpg 1024w, https:\/\/hedvigagutierrez.sk\/wp-content\/uploads\/2021\/04\/4-9-768x577.jpg 768w, https:\/\/hedvigagutierrez.sk\/wp-content\/uploads\/2021\/04\/4-9-1536x1155.jpg 1536w, https:\/\/hedvigagutierrez.sk\/wp-content\/uploads\/2021\/04\/4-9-2048x1539.jpg 2048w\" sizes=\"(max-width: 2560px) 100vw, 2560px\" title=\"Mal\u00ed hrdinovia hasi\u010di\" \/><\/a>\n\t\t\t<\/div><\/figure><figure class='gallery-item'>\n\t\t\t<div class='gallery-icon landscape'>\n\t\t\t\t<a  href='https:\/\/hedvigagutierrez.sk\/wp-content\/uploads\/2021\/04\/6-7-scaled.jpg'><img decoding=\"async\" width=\"2560\" height=\"1924\" src=\"https:\/\/hedvigagutierrez.sk\/wp-content\/uploads\/2021\/04\/6-7-scaled.jpg\" class=\"attachment-full size-full\" alt=\"Mal\u00ed hrdinovia hasi\u010di\" srcset=\"https:\/\/hedvigagutierrez.sk\/wp-content\/uploads\/2021\/04\/6-7-scaled.jpg 2560w, https:\/\/hedvigagutierrez.sk\/wp-content\/uploads\/2021\/04\/6-7-300x226.jpg 300w, https:\/\/hedvigagutierrez.sk\/wp-content\/uploads\/2021\/04\/6-7-1024x770.jpg 1024w, https:\/\/hedvigagutierrez.sk\/wp-content\/uploads\/2021\/04\/6-7-768x577.jpg 768w, https:\/\/hedvigagutierrez.sk\/wp-content\/uploads\/2021\/04\/6-7-1536x1155.jpg 1536w, https:\/\/hedvigagutierrez.sk\/wp-content\/uploads\/2021\/04\/6-7-2048x1539.jpg 2048w\" sizes=\"(max-width: 2560px) 100vw, 2560px\" title=\"Mal\u00ed hrdinovia hasi\u010di\" \/><\/a>\n\t\t\t<\/div><\/figure><figure class='gallery-item'>\n\t\t\t<div class='gallery-icon landscape'>\n\t\t\t\t<a  href='https:\/\/hedvigagutierrez.sk\/wp-content\/uploads\/2021\/04\/8-6-scaled.jpg'><img loading=\"lazy\" decoding=\"async\" width=\"2560\" height=\"1924\" src=\"https:\/\/hedvigagutierrez.sk\/wp-content\/uploads\/2021\/04\/8-6-scaled.jpg\" class=\"attachment-full size-full\" alt=\"Mal\u00ed hrdinovia hasi\u010di\" srcset=\"https:\/\/hedvigagutierrez.sk\/wp-content\/uploads\/2021\/04\/8-6-scaled.jpg 2560w, https:\/\/hedvigagutierrez.sk\/wp-content\/uploads\/2021\/04\/8-6-300x226.jpg 300w, https:\/\/hedvigagutierrez.sk\/wp-content\/uploads\/2021\/04\/8-6-1024x770.jpg 1024w, https:\/\/hedvigagutierrez.sk\/wp-content\/uploads\/2021\/04\/8-6-768x577.jpg 768w, https:\/\/hedvigagutierrez.sk\/wp-content\/uploads\/2021\/04\/8-6-1536x1155.jpg 1536w, https:\/\/hedvigagutierrez.sk\/wp-content\/uploads\/2021\/04\/8-6-2048x1539.jpg 2048w\" sizes=\"(max-width: 2560px) 100vw, 2560px\" title=\"Mal\u00ed hrdinovia hasi\u010di\" \/><\/a>\n\t\t\t<\/div><\/figure><figure class='gallery-item'>\n\t\t\t<div class='gallery-icon landscape'>\n\t\t\t\t<a  href='https:\/\/hedvigagutierrez.sk\/wp-content\/uploads\/2021\/04\/3-13-scaled.jpg'><img loading=\"lazy\" decoding=\"async\" width=\"2560\" height=\"1924\" src=\"https:\/\/hedvigagutierrez.sk\/wp-content\/uploads\/2021\/04\/3-13-scaled.jpg\" class=\"attachment-full size-full\" alt=\"Mal\u00ed hrdinovia hasi\u010di\" srcset=\"https:\/\/hedvigagutierrez.sk\/wp-content\/uploads\/2021\/04\/3-13-scaled.jpg 2560w, https:\/\/hedvigagutierrez.sk\/wp-content\/uploads\/2021\/04\/3-13-300x226.jpg 300w, https:\/\/hedvigagutierrez.sk\/wp-content\/uploads\/2021\/04\/3-13-1024x770.jpg 1024w, https:\/\/hedvigagutierrez.sk\/wp-content\/uploads\/2021\/04\/3-13-768x577.jpg 768w, https:\/\/hedvigagutierrez.sk\/wp-content\/uploads\/2021\/04\/3-13-1536x1155.jpg 1536w, https:\/\/hedvigagutierrez.sk\/wp-content\/uploads\/2021\/04\/3-13-2048x1539.jpg 2048w\" sizes=\"(max-width: 2560px) 100vw, 2560px\" title=\"Mal\u00ed hrdinovia hasi\u010di\" \/><\/a>\n\t\t\t<\/div><\/figure><figure class='gallery-item'>\n\t\t\t<div class='gallery-icon landscape'>\n\t\t\t\t<a  href='https:\/\/hedvigagutierrez.sk\/wp-content\/uploads\/2021\/04\/1-13-scaled.jpg'><img loading=\"lazy\" decoding=\"async\" width=\"2560\" height=\"1924\" src=\"https:\/\/hedvigagutierrez.sk\/wp-content\/uploads\/2021\/04\/1-13-scaled.jpg\" class=\"attachment-full size-full\" alt=\"Mal\u00ed hrdinovia hasi\u010di\" srcset=\"https:\/\/hedvigagutierrez.sk\/wp-content\/uploads\/2021\/04\/1-13-scaled.jpg 2560w, https:\/\/hedvigagutierrez.sk\/wp-content\/uploads\/2021\/04\/1-13-300x226.jpg 300w, https:\/\/hedvigagutierrez.sk\/wp-content\/uploads\/2021\/04\/1-13-1024x770.jpg 1024w, https:\/\/hedvigagutierrez.sk\/wp-content\/uploads\/2021\/04\/1-13-768x577.jpg 768w, https:\/\/hedvigagutierrez.sk\/wp-content\/uploads\/2021\/04\/1-13-1536x1155.jpg 1536w, https:\/\/hedvigagutierrez.sk\/wp-content\/uploads\/2021\/04\/1-13-2048x1539.jpg 2048w\" sizes=\"(max-width: 2560px) 100vw, 2560px\" title=\"Mal\u00ed hrdinovia hasi\u010di\" \/><\/a>\n\t\t\t<\/div><\/figure><figure class='gallery-item'>\n\t\t\t<div class='gallery-icon landscape'>\n\t\t\t\t<a  href='https:\/\/hedvigagutierrez.sk\/wp-content\/uploads\/2021\/04\/7-8-scaled.jpg'><img loading=\"lazy\" decoding=\"async\" width=\"2560\" height=\"1924\" src=\"https:\/\/hedvigagutierrez.sk\/wp-content\/uploads\/2021\/04\/7-8-scaled.jpg\" class=\"attachment-full size-full\" alt=\"Mal\u00ed hrdinovia hasi\u010di\" srcset=\"https:\/\/hedvigagutierrez.sk\/wp-content\/uploads\/2021\/04\/7-8-scaled.jpg 2560w, https:\/\/hedvigagutierrez.sk\/wp-content\/uploads\/2021\/04\/7-8-300x226.jpg 300w, https:\/\/hedvigagutierrez.sk\/wp-content\/uploads\/2021\/04\/7-8-1024x770.jpg 1024w, https:\/\/hedvigagutierrez.sk\/wp-content\/uploads\/2021\/04\/7-8-768x577.jpg 768w, https:\/\/hedvigagutierrez.sk\/wp-content\/uploads\/2021\/04\/7-8-1536x1155.jpg 1536w, https:\/\/hedvigagutierrez.sk\/wp-content\/uploads\/2021\/04\/7-8-2048x1539.jpg 2048w\" sizes=\"(max-width: 2560px) 100vw, 2560px\" title=\"Mal\u00ed hrdinovia hasi\u010di\" \/><\/a>\n\t\t\t<\/div><\/figure>\n\t\t<\/div>\n\t\t<\/div>\n\t\t\t\t\t\t<\/div>\n\t\t\t\t<\/div>\n\t\t\t\t\t<\/div>\n\t\t<\/div>\n\t\t\t\t\t<\/div>\n\t\t<\/section>\n\t\t\t\t<\/div>\n\t\t","protected":false},"excerpt":{"rendered":"<p>Mal\u00ed hrdinovia hasi\u010di Text: Diana Ma\u0161lejov\u00e1 Vydavate\u013estvo: Albatros Media, 2019 \u00a0 Aj vy be\u017e\u00edte k oknu, hne\u010f ako po\u010dujete h\u00faka\u0165 hasi\u010dsk\u00e9 auto? Viete, ako hasi\u010di hasia po\u017eiar a ak\u00ed odv\u00e1\u017eni musia by\u0165?Hugo si myslel, \u017ee o po\u017eiari nepotrebuje ni\u010d vedie\u0165. Ve\u010f kde by mu dnes nie\u010do tak\u00e9 hrozilo? Na druh\u00fd de\u0148 v\u0161ak do \u0161koly pri\u0161li [&hellip;]<\/p>\n","protected":false},"author":1,"featured_media":0,"parent":0,"menu_order":0,"comment_status":"closed","ping_status":"closed","template":"","meta":{"site-sidebar-layout":"no-sidebar","site-content-layout":"page-builder","ast-site-content-layout":"default","site-content-style":"default","site-sidebar-style":"default","ast-global-header-display":"","ast-banner-title-visibility":"","ast-main-header-display":"","ast-hfb-above-header-display":"","ast-hfb-below-header-display":"","ast-hfb-mobile-header-display":"","site-post-title":"disabled","ast-breadcrumbs-content":"","ast-featured-img":"disabled","footer-sml-layout":"","theme-transparent-header-meta":"default","adv-header-id-meta":"","stick-header-meta":"","header-above-stick-meta":"","header-main-stick-meta":"","header-below-stick-meta":"","astra-migrate-meta-layouts":"default","ast-page-background-enabled":"default","ast-page-background-meta":{"desktop":{"background-color":"","background-image":"","background-repeat":"repeat","background-position":"center center","background-size":"auto","background-attachment":"scroll","background-type":"","background-media":"","overlay-type":"","overlay-color":"","overlay-opacity":"","overlay-gradient":""},"tablet":{"background-color":"","background-image":"","background-repeat":"repeat","background-position":"center center","background-size":"auto","background-attachment":"scroll","background-type":"","background-media":"","overlay-type":"","overlay-color":"","overlay-opacity":"","overlay-gradient":""},"mobile":{"background-color":"","background-image":"","background-repeat":"repeat","background-position":"center center","background-size":"auto","background-attachment":"scroll","background-type":"","background-media":"","overlay-type":"","overlay-color":"","overlay-opacity":"","overlay-gradient":""}},"ast-content-background-meta":{"desktop":{"background-color":"var(--ast-global-color-5)","background-image":"","background-repeat":"repeat","background-position":"center center","background-size":"auto","background-attachment":"scroll","background-type":"","background-media":"","overlay-type":"","overlay-color":"","overlay-opacity":"","overlay-gradient":""},"tablet":{"background-color":"var(--ast-global-color-5)","background-image":"","background-repeat":"repeat","background-position":"center center","background-size":"auto","background-attachment":"scroll","background-type":"","background-media":"","overlay-type":"","overlay-color":"","overlay-opacity":"","overlay-gradient":""},"mobile":{"background-color":"var(--ast-global-color-5)","background-image":"","background-repeat":"repeat","background-position":"center center","background-size":"auto","background-attachment":"scroll","background-type":"","background-media":"","overlay-type":"","overlay-color":"","overlay-opacity":"","overlay-gradient":""}},"footnotes":""},"class_list":["post-1284","page","type-page","status-publish","hentry"],"aioseo_notices":[],"_links":{"self":[{"href":"https:\/\/hedvigagutierrez.sk\/index.php?rest_route=\/wp\/v2\/pages\/1284","targetHints":{"allow":["GET"]}}],"collection":[{"href":"https:\/\/hedvigagutierrez.sk\/index.php?rest_route=\/wp\/v2\/pages"}],"about":[{"href":"https:\/\/hedvigagutierrez.sk\/index.php?rest_route=\/wp\/v2\/types\/page"}],"author":[{"embeddable":true,"href":"https:\/\/hedvigagutierrez.sk\/index.php?rest_route=\/wp\/v2\/users\/1"}],"replies":[{"embeddable":true,"href":"https:\/\/hedvigagutierrez.sk\/index.php?rest_route=%2Fwp%2Fv2%2Fcomments&post=1284"}],"version-history":[{"count":6,"href":"https:\/\/hedvigagutierrez.sk\/index.php?rest_route=\/wp\/v2\/pages\/1284\/revisions"}],"predecessor-version":[{"id":1341,"href":"https:\/\/hedvigagutierrez.sk\/index.php?rest_route=\/wp\/v2\/pages\/1284\/revisions\/1341"}],"wp:attachment":[{"href":"https:\/\/hedvigagutierrez.sk\/index.php?rest_route=%2Fwp%2Fv2%2Fmedia&parent=1284"}],"curies":[{"name":"wp","href":"https:\/\/api.w.org\/{rel}","templated":true}]}}